*d + 15. Calculate o(9).
312
Let w(s) = -46*s + 2153. Calculate w(48).
-55
Let j(f) = -16*f - 92. Calculate j(-8).
36
Let q(z) = 489*z**2 - 5392*z + 137. Calculate q(11).
-6
Let o(s) = -12*s - 452. Determine o(-39).
16
Let w(q) = -11*q**2 + 252*q - 99. Calculate w(23).
-122
Let f(o) = -o**2 - 33*o - 168. Determine f(-18).
102
Let b(r) = 13*r + 1137. Give b(-87).
6
Let l(h) = 296*h + 1286. Determine l(-5).
-194
Let z(v) = -v**3 - 8*v**2 + 20*v + 101. What is z(-7)?
-88
Let y(w) = 2*w**2 - 3*w - 463. What is y(16)?
1
Let q(c) = 9*c**2 - 287*c - 32. Give q(32).
0
Let c(v) = v**3 + v**2 - 14*v - 724. What is c(0)?
-724
Let v(l) = -l**3 + 20*l**2 + 6*l - 93. Give v(20).
27
Let f(s) = -s**2 + 1821*s + 10975. Give f(-6).
13
Let c(p) = -7*p**2 - 6*p - 22. Calculate c(-2).
-38
Let h(g) = 2*g**3 - 61*g**2 + 86*g + 71. Give h(29).
42
Let a(j) = -4*j**2 - 14*j - 137. Determine a(0).
-137
Let t(a) = -10*a - 102. Give t(-12).
18
Let w(x) = -4442*x - 519716. Calculate w(-117).
-2
Let d(k) = -268*k + 1926. Determine d(7).
50
Let g(j) = -509*j + 18322. What is g(36)?
-2
Let r(h) = -132*h - 6088. Determine r(-46).
-16
Let t(s) = -987*s + 2644. Determine t(3).
-317
Let a(f) = -f**2 - 37*f - 276. Calculate a(-7).
-66
Let c(o) = -2*o**2 - 20*o + 36. What is c(0)?
36
Let u(v) = 18*v - 208. Calculate u(15).
62
Let m(w) = -5*w**3 + 44*w**2 - 29*w. Calculate m(8).
24
Let o(h) = 4*h**2 + 153*h + 175. Give o(-40).
455
Let q(p) = 10*p + 44. Determine q(-9).
-46
Let f(q) = -36*q - 1925. Calculate f(-36).
-629
Let p(t) = t**3 - 6*t**2 - 23*t + 11. Give p(10).
181
Let d(w) = 7*w**2 - 426*w - 84. Calculate d(61).
-23
Let k(r) = 5*r**2 + 9*r + 4. Determine k(-2).
6
Let u(s) = -s**3 - 85*s**2 - 93*s - 770. Determine u(-84).
-14
Let j(c) = 202*c + 373. Give j(1).
575
Let v(z) = 10*z**3 + 142*z**2 + 34*z + 31. Give v(-14).
-53
Let b(j) = -2*j - 66. Calculate b(-34).
2
Let u(j) = 49*j - 2324. Calculate u(49).
77
Let k(b) = -3*b + 119. Determine k(6).
101
Let q(x) = -5660*x + 22654. Calculate q(4).
14
Let n(y) = -y**3 - 20*y**2 - 80*y - 56. What is n(-5)?
-31
Let z(h) = 6*h**2 + 186*h - 609. What is z(-34)?
3
Let g(c) = -2*c**3 - 7*c**2 + 18*c + 40. Give g(-5).
25
Let q(v) = -6*v**3 - 8*v**2 - 37*v - 75. What is q(-2)?
15
Let c(x) = 2*x**2 - 48*x + 273. Determine c(12).
-15
Let w(m) = m**3 - 100*m**2 + 198*m - 188. Determine w(98).
8
Let y(s) = 2*s + 89. What is y(-25)?
39
Let x(b) = -49*b - 1637. Determine x(-33).
-20
Let l(h) = -h**3 + 18*h**2 + 9*h + 46. Give l(17).
488
Let g(a) = -34*a - 34. Determine g(9).
-340
Let n(g) = -146*g + 6861. Determine n(47).
-1
Let l(h) = -h**3 - 3*h**2 + 77*h + 222. Calculate l(-9).
15
Let d(k) = 49*k**2 - 6*k - 2. Determine d(-1).
53
Let w(g) = 8*g**2 + 14*g - 5. Calculate w(-2).
-1
Let u(z) = z**2 - 47*z - 224. What is u(52)?
36
Let w(o) = -o**2 - 36*o - 274. Determine w(-24).
14
Let k(s) = -226*s - 1756. Give k(-8).
52
Let x(v) = 3*v**2 + 44*v + 230. Give x(-16).
294
Let t(c) = 17*c - 935. Give t(53).
-34
Let l(z) = -2*z**2 + 189*z + 400. Give l(96).
112
Let c(o) = -5*o**3 + 305*o**2 + 20. What is c(61)?
20
Let m(g) = 393*g - 9827. What is m(25)?
-2
Let q(d) = 359*d + 2203. Calculate q(-6).
49
Let l(b) = -4*b**3 - b**2 + b - 1. Give l(-2).
25
Let c(d) = -19*d - 4. What is c(2)?
-42
Let i(m) = 221*m - 201. What is i(1)?
20
Let z(o) = -7*o**2 + 101*o + 196. What is z(16)?
20
Let c(l) = -6*l - 35. Calculate c(0).
-35
Let o(y) = y**2 + 22*y + 136. Calculate o(-9).
19
Let z(m) = -3*m**3 - 78*m**2 - 144*m - 30. Determine z(-24).
-30
Let v(k) = -k**3 - 27*k**2 + 23*k - 52. What is v(-28)?
88
Let m(s) = -46*s - 16. What is m(-11)?
490
Let f(k) = 2*k**3 + 17*k**2 + 14*k - 23. Determine f(-7).
26
Let h(a) = -12*a**2 - 946*a + 150. Calculate h(-79).
-8
Let t(p) = -2*p**3 - 20*p**2 + 21*p - 1. Give t(-11).
10
Let j(o) = -o**2 + 79*o + 1095. Calculate j(91).
3
Let l(m) = m**3 + 5*m**2 - 1227*m - 3690. Calculate l(-3).
9
Let x(a) = 324*a + 1518. Give x(-5).
-102
Let q(z) = 32*z**2 + 1119*z - 39. Give q(-35).
-4
Let q(s) = 7*s**2 + 74*s + 37. Give q(-10).
-3
Let h(p) = p**3 - p**2 - 25*p - 99. Determine h(7).
20
Let b(d) = -6*d**2 + 265*d + 1148. Calculate b(-4).
-8
Let p(s) = 13*s**2 + 51*s - 35. Give p(-5).
35
Let x(p) = 2*p**3 - 329*p**2 - 827*p - 1335. Determine x(167).
1
Let y(t) = t**3 + 57*t**2 - 1079*t - 20. What is y(15)?
-5
Let x(n) = -290*n - 245. Calculate x(-1).
45
Let j(s) = s**2 + 700*s - 4953. What is j(7)?
-4
Let o(p) = 25*p**3 + 499*p**2 - 19*p + 12. Calculate o(-20).
-8
Let w(z) = z**3 - 14*z**2 + 36*z - 34. Give w(11).
-1
Let l(c) = -c**2 - 27*c - 149. What is l(-10)?
21
Let r(m) = -558*m - 49671. What is r(-89)?
-9
Let m(t) = 4646*t - 88278. Give m(19).
-4
Let z(h) = h**3 - h**2 + 12*h - 88. Determine z(5).
72
Let u(s) = -s**3 + 22*s**2 - 102*s + 14. Determine u(7).
35
Let a(m) = -166*m - 1515. Determine a(-9).
-21
Let a(g) = -g**2 - 155*g - 1858. Calculate a(-13).
-12
Let a(f) = -171*f + 3405. Calculate a(20).
-15
Let m(s) = -7*s**2 - 70*s + 10. Determine m(-7).
157
Let v(l) = -24*l**2 + 48*l - 2. Calculate v(4).
-194
Let o(t) = 28*t - 435. Give o(16).
13
Let v(i) = -i**2 + 47. Give v(0).
47
Let z(g) = -g**2 + 68*g - 1081. Give z(38).
59
Let h(d) = 30*d - 203. Determine h(5).
-53
Let m(w) = 10224*w - 51160. What is m(5)?
-40
Let p(f) = 2*f**2 - 47*f + 164. Determine p(4).
8
Let q(r) = -r**2 + 55*r + 2109. Determine q(81).
3
Let f(x) = -x**3 + 11*x**2 + 43*x - 378. What is f(12)?
-6
Let s(g) = -4*g**3 - 280*g**2 + 32*g + 2263. What is s(-70)?
23
Let g(m) = 55*m + 9573. Give g(-174).
3
Let k(z) = -68*z**2 + 476*z - 6. Give k(7).
-6
Let m(p) = 77*p - 359. Give m(7).
180
Let z(w) = -w**3 + 16*w**2 + 902*w - 127. Give z(39).
68
Let r(u) = u**3 - 41*u**2 + 255*u + 79. Calculate r(8).
7
Let f(h) = 44*h + 397. Calculate f(-9).
1
Let g(y) = 253*y + 2790. Give g(-11).
7
Let u(b) = b**3 + b + 43. Determine u(0).
43
Let o(x) = 1518*x - 34900. Calculate o(23).
14
Let t(m) = 261*m + 3662. What is t(-14)?
8
Let j(z) = z**3 - 21*z**2 + 40*z - 61. Calculate j(19).
-23
Let d(g) = g**2 - 51*g + 240. Determine d(8).
-104
Let n(q) = -2*q**3 + 2*q**2 - 2*q + 170. Calculate n(0).
170
Let w(i) = 6*i + 54. Calculate w(-10).
-6
Let h(q) = 8*q**2 - 25*q + 17. Calculate h(3).
14
Let a(c) = c**3 - 4*c**2 + 20*c - 55. What is a(3)?
-4
Let m(g) = 2*g**3 + 20*g**2 - 12*g - 105. Give m(-10).
15
Let a(c) = 424*c - 165. Give a(1).
259
Let g(a) = a**2 - 23*a + 199. Calculate g(10).
69
Let o(f) = -13*f - 55. Give o(7).
-146
Let w(g) = g**2 + g - 29. Determine w(-7).
13
Let h(b) = 36*b + 43. What is h(0)?
43
Let m(r) = -r**3 + 9946*r + 1. Give m(0).
1
Let x(l) = -l**3 - 12*l**2 - 23*l - 30. Give x(-10).
0
Let k(y) = -7*y**2 + 606*y - 2619. Calculate k(82).
5
Let b(q) = 2*q**2 + 49*q - 8. Determine b(-18).
-242
Let c(u) = -4*u**3 - 75*u**2 - 198*u - 27. Calculate c(-3).
0
Let s(r) = 11*r**2 - 102*r + 6. What is s(10)?
86
Let k(t) = -99*t - 596. Give k(-6).
-2
Let q(d) = -3*d**3 - d**2 - d. Determine q(0).
0
Let b(i) = 91*i - 2102. Determine b(22).
-100
Let x(y) = 2*y**3 + 6*y**2 - 7*y + 7. Give x(-6).
-167
Let n(r) = -607*r - 37631. Calculate n(-62).
3
Let q(a) = -a**3 + 10*a**2 - 19*a + 24. Determine q(7).
38
Let l(q) = -q**3 - 5*q**2 + 31*q + 160. Give l(-5).
5
Let t(b) = 2*b**2 + 23*b - 1416. What is t(21)?
-51
Let s(c) = -32*c**2 + 159*c + 34. Calculate s(5).
29
Let j(k) = 11*k**3 + 2*k**2 - 10*k + 18. Calculate j(3).
303
Let l(k) = -13*k**3 - 5*k**2 + 17*k - 3. Calculate l(2).
-93
Let k(o) = 2*o**2 + 81*o + 74. Determine k(-27).
-655
Let p(r) = 25*r + 23. Determine p(2).
73
Let h(q) = -5486*q - 21932. What is h(-4)?
12
Let a(n) = -1827*n + 14608. Determine a(8).
-8
Let n(w) = -763*w + 770. Determine n(1).
7
Let l(b) = -18*b - 236. Give l(-13).
-2
Let t(u) = 7*u - 8. What is t(-21)?
-155
Let j(z) = z**3 - 10*z**2 + 25*z - 36. Calculate j(7).
-8
Let r(n) = -280*n + 13385. Give r(48).
-55
Let z(o) = o**2 - 144*o - 907. Give z(-6).
-7
Let u(y) = -y**3 - 27*y**2 - 15*y - 12. Determine u(-9).
-1335
Let g(l) = -6*l**3 - 53*l**2 + 7*l + 10. What is g(-7)?
-578
Let r(g) = 78*g**3 + 4*g**2 - 2*g - 5. Calculate r(-1).
-77
Let r(m) = 31*m - 2731. Determine r(88).
-3
Let v(j) = 8*j - 17. Determine v(-17).
-153
Let j(k) = -k**3 - 21*k**2 + 69*k - 68. What is j(-24)?
4
Let n(w) =